{"id":31,"date":"2015-11-11T21:33:14","date_gmt":"2015-11-11T20:33:14","guid":{"rendered":"http:\/\/carolesthetique-aix.fr\/?page_id=31"},"modified":"2026-03-14T15:03:43","modified_gmt":"2026-03-14T14:03:43","slug":"contact","status":"publish","type":"page","link":"https:\/\/www.carolesthetique-aix.fr\/index.php\/contact\/","title":{"rendered":"Contact"},"content":{"rendered":"\n<h3 class=\"wp-block-heading\"><span style=\"background-color:rgba(0, 0, 0, 0);color:#f69581\" class=\"has-inline-color\">Formulaire de contact<\/span><\/h3>\n\n\n\n<p>Pour prendre rendez vous ou pour toutes demandes de renseignements \/ partenariats, vous pouvez me joindre :<\/p>\n\n\n\n<p class=\"has-text-align-center\">07 82 70 75 11<br>contact [at] carolesthetique-aix.fr<\/p>\n\n\n\n<p><strong>Suivez Carol&rsquo;Esth\u00e9tique sur<\/strong> <a href=\"https:\/\/www.instagram.com\/carol_esthetique\/?hl=fr\" target=\"_blank\" rel=\"noreferrer noopener\">Instagram<\/a><\/p>\n\n\n\n<p>* <em>Moyens de paiement accept\u00e9s : ch\u00e8ques, esp\u00e8c<\/em>es.<\/p>\n\n\n\n<p>* <em>Les soins de beaut\u00e9 \u00e0 domicile propos\u00e9s par Carol&rsquo;Esth\u00e9tique, sont r\u00e9serv\u00e9s uniquement \u00e0 la client\u00e8le f\u00e9minine.<\/em><\/p>\n\n\n\n<p>* <em>D\u00e9placements gratuits sur toute la r\u00e9gion d&rsquo;Aix en Provence dans un rayon de 20 km (au del\u00e0 0,40 cts \/ km)<\/em>.<\/p>\n\n\n\n<p>* <em>Stationnement gratuit obligatoire sur le lieu de r\u00e9sidence<\/em>.<\/p>\n\n\n\n<p>*<em> Horaires d&rsquo;ouverture : du Lundi au Samedi de 9h00 \u00e0 19h00.<\/em><\/p>\n\n\n\n<p>* Partenaires : <em><a href=\"https:\/\/www.unhairdemelodie.fr\/\" target=\"_blank\" rel=\"noreferrer noopener\">Un Hair de M\u00e9lodie<\/a>, <a href=\"https:\/\/www.instagram.com\/mrs_and_mr_event\/\" target=\"_blank\" rel=\"noreferrer noopener\">Mrs&amp;Mr Events<\/a>, <a href=\"https:\/\/csdaumas.fr\/\" target=\"_blank\" rel=\"noreferrer noopener\">C&amp;S Daumas<\/a>, <a href=\"https:\/\/www.chateau-la-beaumetane.fr\/\" target=\"_blank\" rel=\"noreferrer noopener\">Ch\u00e2teau la Beaumetane<\/a><br><\/em><\/p>\n\n\n<div id=\"wpgmza_map\" class=\"wpgmza_map\" data-settings='{\"id\":\"1\",\"map_title\":\"secteur\",\"map_width\":\"100\",\"map_height\":\"400\",\"map_start_lat\":\"43.65794461835881\",\"map_start_lng\":\"5.594127058757899\",\"map_start_location\":\"45.950464398418106,-109.81550500000003\",\"map_start_zoom\":\"9\",\"default_marker\":\"\",\"type\":\"0\",\"alignment\":\"4\",\"directions_enabled\":\"0\",\"styling_enabled\":\"0\",\"styling_json\":\"\",\"active\":\"0\",\"kml\":\"\",\"bicycle\":\"0\",\"traffic\":\"0\",\"dbox\":\"0\",\"dbox_width\":\"\",\"listmarkers\":\"0\",\"listmarkers_advanced\":\"0\",\"filterbycat\":\"0\",\"ugm_enabled\":\"0\",\"ugm_category_enabled\":\"0\",\"fusion\":\"\",\"map_width_type\":\"%\",\"map_height_type\":\"px\",\"mass_marker_support\":\"0\",\"ugm_access\":\"0\",\"order_markers_by\":\"0\",\"order_markers_choice\":\"0\",\"show_user_location\":\"0\",\"default_to\":\"\",\"other_settings\":{\"map_type\":1,\"sl_stroke_color\":\"\",\"sl_fill_color\":\"\",\"sl_stroke_opacity\":\"\",\"sl_fill_opacity\":\"\",\"transport_layer\":false,\"action\":\"wpgmza_save_map\",\"redirect_to\":\"\\\/wp-admin\\\/admin-post.php\",\"map_id\":\"1\",\"http_referer\":\"\\\/wp-admin\\\/admin.php?page=wp-google-maps-menu&amp;amp;action=edit&amp;amp;map_id=1\",\"wpgmza_id\":\"1\",\"wpgmza_start_location\":\"43.65794461835881,5.594127058757899\",\"wpgmza_start_zoom\":\"9\",\"store_locator_enabled\":false,\"store_locator_search_area\":\"radial\",\"wpgmza_store_locator_radius_style\":\"legacy\",\"wpgmza_store_locator_default_radius\":\"10\",\"store_locator_auto_area_max_zoom\":\"\",\"store_locator_distance\":false,\"wpgmza_store_locator_position\":false,\"store_locator_show_distance\":false,\"store_locator_category\":false,\"wpgmza_store_locator_use_their_location\":false,\"wpgmza_store_locator_bounce\":false,\"wpgmza_sl_animation\":null,\"wpgmza_store_locator_hide_before_search\":false,\"store_locator_query_string\":\"\",\"store_locator_default_address\":\"\",\"store_locator_name_search\":false,\"store_locator_name_string\":\"\",\"store_locator_not_found_message\":\"\",\"wpgmza_map_align\":\"1\",\"jump_to_nearest_marker_on_initialization\":false,\"automatically_pan_to_users_location\":false,\"override_users_location_zoom_level\":false,\"override_users_location_zoom_levels\":\"\",\"show_distance_from_location\":false,\"map_max_zoom\":\"21\",\"map_min_zoom\":\"0\",\"click_open_link\":false,\"fit_maps_bounds_to_markers\":false,\"fit_maps_bounds_to_markers_after_filtering\":false,\"hide_point_of_interest\":false,\"wpgmza_zoom_on_marker_click\":false,\"wpgmza_zoom_on_marker_click_slider\":\"\",\"close_infowindow_on_map_click\":false,\"disable_lightbox_images\":false,\"use_Raw_Jpeg_Coordinates\":false,\"polygon_labels\":false,\"disable_polygon_info_windows\":false,\"enable_marker_ratings\":false,\"only_load_markers_within_viewport\":false,\"iw_primary_color\":\"#000000\",\"iw_accent_color\":\"#000000\",\"iw_text_color\":\"#000000\",\"wpgmza_listmarkers_by\":\"0\",\"wpgmza_marker_listing_position\":false,\"datatable_no_result_message\":\"\",\"remove_search_box_datables\":false,\"dataTable_pagination_style\":null,\"datatable_search_string\":\"\",\"datatable_result_start\":\"\",\"datatable_result_of\":\"\",\"datatable_result_to\":\"\",\"datatable_result_total\":\"\",\"datatable_result_show\":\"\",\"datatable_result_entries\":\"\",\"wpgmza_savemap\":\"Enregistrer la carte \\u00bb\",\"store_locator_location_placeholder\":\"\",\"enable_marker_labels\":false,\"zoom_level_mobile_override_enabled\":false,\"zoom_level_mobile_override\":\"\",\"zoom_level_on_marker_listing_override\":false,\"zoom_level_on_marker_listing_click\":\"\",\"marker_listing_disable_zoom\":false}}' data-map-id='1' Data-maps-engine='open-layers' data-shortcode-attributes='{\"id\":\"1\"}' style=\"display:block; overflow:auto; width:100%; height:400px; float:left;\"><\/div>\n\n\n\n<p><strong><span style=\"color: #dd5ea5;\"><em>&nbsp;<\/em><\/span><\/strong><\/p>\n\n\n\n<p><\/p>\n","protected":false},"excerpt":{"rendered":"<p>Formulaire de contact Pour prendre rendez vous ou pour toutes demandes de renseignements \/ partenariats, vous pouvez me joindre : 07 82 70 75 11contact [at] carolesthetique-aix.fr Suivez Carol&rsquo;Esth\u00e9tique sur Instagram * Moyens de paiement accept\u00e9s : ch\u00e8ques, esp\u00e8ces. * Les soins de beaut\u00e9 \u00e0 domicile propos\u00e9s par Carol&rsquo;Esth\u00e9tique, sont r\u00e9serv\u00e9s uniquement \u00e0 la client\u00e8le &hellip; <\/p>\n","protected":false},"author":1,"featured_media":0,"parent":0,"menu_order":0,"comment_status":"closed","ping_status":"closed","template":"","meta":{"footnotes":""},"class_list":["post-31","page","type-page","status-publish","hentry"],"yoast_head":"<!-- This site is optimized with the Yoast SEO plugin v27.5 - https:\/\/yoast.com\/product\/yoast-seo-wordpress\/ -->\n<title>Contact - Carol&#039;Esth\u00e9tique, esth\u00e9ticienne \u00e0 domicile Aix en Provence<\/title>\n<meta name=\"description\" content=\"Formulaire de contact de Carol&#039;Esth\u00e9tique sp\u00e9cialis\u00e9e dans les Maquillages et les \u00c9v\u00e8nements Beaut\u00e9s Aix en Provence, Cabri\u00e8s, Calas, Bouc Bel Air, Eguilles, Puyricard, Les Milles...\" \/>\n<meta name=\"robots\" content=\"index, follow, max-snippet:-1, max-image-preview:large, max-video-preview:-1\" \/>\n<link rel=\"canonical\" href=\"https:\/\/www.carolesthetique-aix.fr\/index.php\/contact\/\" \/>\n<meta property=\"og:locale\" content=\"fr_FR\" \/>\n<meta property=\"og:type\" content=\"article\" \/>\n<meta property=\"og:title\" content=\"Contact - Carol&#039;Esth\u00e9tique, esth\u00e9ticienne \u00e0 domicile Aix en Provence\" \/>\n<meta property=\"og:description\" content=\"Formulaire de contact de Carol&#039;Esth\u00e9tique sp\u00e9cialis\u00e9e dans les Maquillages et les \u00c9v\u00e8nements Beaut\u00e9s Aix en Provence, Cabri\u00e8s, Calas, Bouc Bel Air, Eguilles, Puyricard, Les Milles...\" \/>\n<meta property=\"og:url\" content=\"https:\/\/www.carolesthetique-aix.fr\/index.php\/contact\/\" \/>\n<meta property=\"og:site_name\" content=\"Carol&#039;Esth\u00e9tique\" \/>\n<meta property=\"article:publisher\" content=\"https:\/\/www.facebook.com\/CarolEsth%c3%a9tique-515793245268554\/\" \/>\n<meta property=\"article:modified_time\" content=\"2026-03-14T14:03:43+00:00\" \/>\n<meta name=\"twitter:card\" content=\"summary_large_image\" \/>\n<meta name=\"twitter:label1\" content=\"Dur\u00e9e de lecture estim\u00e9e\" \/>\n\t<meta name=\"twitter:data1\" content=\"1 minute\" \/>\n<script type=\"application\/ld+json\" class=\"yoast-schema-graph\">{\"@context\":\"https:\\\/\\\/schema.org\",\"@graph\":[{\"@type\":\"WebPage\",\"@id\":\"https:\\\/\\\/www.carolesthetique-aix.fr\\\/index.php\\\/contact\\\/\",\"url\":\"https:\\\/\\\/www.carolesthetique-aix.fr\\\/index.php\\\/contact\\\/\",\"name\":\"Contact - Carol'Esth\u00e9tique, esth\u00e9ticienne \u00e0 domicile Aix en Provence\",\"isPartOf\":{\"@id\":\"https:\\\/\\\/www.carolesthetique-aix.fr\\\/#website\"},\"datePublished\":\"2015-11-11T20:33:14+00:00\",\"dateModified\":\"2026-03-14T14:03:43+00:00\",\"description\":\"Formulaire de contact de Carol'Esth\u00e9tique sp\u00e9cialis\u00e9e dans les Maquillages et les \u00c9v\u00e8nements Beaut\u00e9s Aix en Provence, Cabri\u00e8s, Calas, Bouc Bel Air, Eguilles, Puyricard, Les Milles...\",\"breadcrumb\":{\"@id\":\"https:\\\/\\\/www.carolesthetique-aix.fr\\\/index.php\\\/contact\\\/#breadcrumb\"},\"inLanguage\":\"fr-FR\",\"potentialAction\":[{\"@type\":\"ReadAction\",\"target\":[\"https:\\\/\\\/www.carolesthetique-aix.fr\\\/index.php\\\/contact\\\/\"]}]},{\"@type\":\"BreadcrumbList\",\"@id\":\"https:\\\/\\\/www.carolesthetique-aix.fr\\\/index.php\\\/contact\\\/#breadcrumb\",\"itemListElement\":[{\"@type\":\"ListItem\",\"position\":1,\"name\":\"Accueil\",\"item\":\"https:\\\/\\\/www.carolesthetique-aix.fr\\\/\"},{\"@type\":\"ListItem\",\"position\":2,\"name\":\"Contact\"}]},{\"@type\":\"WebSite\",\"@id\":\"https:\\\/\\\/www.carolesthetique-aix.fr\\\/#website\",\"url\":\"https:\\\/\\\/www.carolesthetique-aix.fr\\\/\",\"name\":\"Carol&#039;Esth\u00e9tique\",\"description\":\"Maquillages et \u00c9v\u00e8nements Beaut\u00e9 \u00e0 Domicile\",\"potentialAction\":[{\"@type\":\"SearchAction\",\"target\":{\"@type\":\"EntryPoint\",\"urlTemplate\":\"https:\\\/\\\/www.carolesthetique-aix.fr\\\/?s={search_term_string}\"},\"query-input\":{\"@type\":\"PropertyValueSpecification\",\"valueRequired\":true,\"valueName\":\"search_term_string\"}}],\"inLanguage\":\"fr-FR\"}]}<\/script>\n<!-- \/ Yoast SEO plugin. -->","yoast_head_json":{"title":"Contact - Carol'Esth\u00e9tique, esth\u00e9ticienne \u00e0 domicile Aix en Provence","description":"Formulaire de contact de Carol'Esth\u00e9tique sp\u00e9cialis\u00e9e dans les Maquillages et les \u00c9v\u00e8nements Beaut\u00e9s Aix en Provence, Cabri\u00e8s, Calas, Bouc Bel Air, Eguilles, Puyricard, Les Milles...","robots":{"index":"index","follow":"follow","max-snippet":"max-snippet:-1","max-image-preview":"max-image-preview:large","max-video-preview":"max-video-preview:-1"},"canonical":"https:\/\/www.carolesthetique-aix.fr\/index.php\/contact\/","og_locale":"fr_FR","og_type":"article","og_title":"Contact - Carol'Esth\u00e9tique, esth\u00e9ticienne \u00e0 domicile Aix en Provence","og_description":"Formulaire de contact de Carol'Esth\u00e9tique sp\u00e9cialis\u00e9e dans les Maquillages et les \u00c9v\u00e8nements Beaut\u00e9s Aix en Provence, Cabri\u00e8s, Calas, Bouc Bel Air, Eguilles, Puyricard, Les Milles...","og_url":"https:\/\/www.carolesthetique-aix.fr\/index.php\/contact\/","og_site_name":"Carol&#039;Esth\u00e9tique","article_publisher":"https:\/\/www.facebook.com\/CarolEsth%c3%a9tique-515793245268554\/","article_modified_time":"2026-03-14T14:03:43+00:00","twitter_card":"summary_large_image","twitter_misc":{"Dur\u00e9e de lecture estim\u00e9e":"1 minute"},"schema":{"@context":"https:\/\/schema.org","@graph":[{"@type":"WebPage","@id":"https:\/\/www.carolesthetique-aix.fr\/index.php\/contact\/","url":"https:\/\/www.carolesthetique-aix.fr\/index.php\/contact\/","name":"Contact - Carol'Esth\u00e9tique, esth\u00e9ticienne \u00e0 domicile Aix en Provence","isPartOf":{"@id":"https:\/\/www.carolesthetique-aix.fr\/#website"},"datePublished":"2015-11-11T20:33:14+00:00","dateModified":"2026-03-14T14:03:43+00:00","description":"Formulaire de contact de Carol'Esth\u00e9tique sp\u00e9cialis\u00e9e dans les Maquillages et les \u00c9v\u00e8nements Beaut\u00e9s Aix en Provence, Cabri\u00e8s, Calas, Bouc Bel Air, Eguilles, Puyricard, Les Milles...","breadcrumb":{"@id":"https:\/\/www.carolesthetique-aix.fr\/index.php\/contact\/#breadcrumb"},"inLanguage":"fr-FR","potentialAction":[{"@type":"ReadAction","target":["https:\/\/www.carolesthetique-aix.fr\/index.php\/contact\/"]}]},{"@type":"BreadcrumbList","@id":"https:\/\/www.carolesthetique-aix.fr\/index.php\/contact\/#breadcrumb","itemListElement":[{"@type":"ListItem","position":1,"name":"Accueil","item":"https:\/\/www.carolesthetique-aix.fr\/"},{"@type":"ListItem","position":2,"name":"Contact"}]},{"@type":"WebSite","@id":"https:\/\/www.carolesthetique-aix.fr\/#website","url":"https:\/\/www.carolesthetique-aix.fr\/","name":"Carol&#039;Esth\u00e9tique","description":"Maquillages et \u00c9v\u00e8nements Beaut\u00e9 \u00e0 Domicile","potentialAction":[{"@type":"SearchAction","target":{"@type":"EntryPoint","urlTemplate":"https:\/\/www.carolesthetique-aix.fr\/?s={search_term_string}"},"query-input":{"@type":"PropertyValueSpecification","valueRequired":true,"valueName":"search_term_string"}}],"inLanguage":"fr-FR"}]}},"_links":{"self":[{"href":"https:\/\/www.carolesthetique-aix.fr\/index.php\/wp-json\/wp\/v2\/pages\/31","targetHints":{"allow":["GET"]}}],"collection":[{"href":"https:\/\/www.carolesthetique-aix.fr\/index.php\/wp-json\/wp\/v2\/pages"}],"about":[{"href":"https:\/\/www.carolesthetique-aix.fr\/index.php\/wp-json\/wp\/v2\/types\/page"}],"author":[{"embeddable":true,"href":"https:\/\/www.carolesthetique-aix.fr\/index.php\/wp-json\/wp\/v2\/users\/1"}],"replies":[{"embeddable":true,"href":"https:\/\/www.carolesthetique-aix.fr\/index.php\/wp-json\/wp\/v2\/comments?post=31"}],"version-history":[{"count":68,"href":"https:\/\/www.carolesthetique-aix.fr\/index.php\/wp-json\/wp\/v2\/pages\/31\/revisions"}],"predecessor-version":[{"id":2336,"href":"https:\/\/www.carolesthetique-aix.fr\/index.php\/wp-json\/wp\/v2\/pages\/31\/revisions\/2336"}],"wp:attachment":[{"href":"https:\/\/www.carolesthetique-aix.fr\/index.php\/wp-json\/wp\/v2\/media?parent=31"}],"curies":[{"name":"wp","href":"https:\/\/api.w.org\/{rel}","templated":true}]}}