{"id":1930,"date":"2021-04-11T20:57:35","date_gmt":"2021-04-11T18:57:35","guid":{"rendered":"http:\/\/carolesthetique-aix.fr\/?page_id=1930"},"modified":"2026-03-14T15:22:38","modified_gmt":"2026-03-14T14:22:38","slug":"soins-evenements-domicile-aixenprovence","status":"publish","type":"page","link":"https:\/\/www.carolesthetique-aix.fr\/index.php\/soins-evenements-domicile-aixenprovence\/","title":{"rendered":"Soins pour vos \u00c9v\u00e8nements \u00e0 domicile Aix en Provence"},"content":{"rendered":"<div class=\"wp-block-image\">\n<figure class=\"aligncenter size-large is-resized\"><img loading=\"lazy\" decoding=\"async\" width=\"450\" height=\"300\" src=\"https:\/\/www.carolesthetique-aix.fr\/wp-content\/uploads\/2015\/11\/soins-du-visage-carol-esthetique-aix-estheticienne-a-domicile-2.jpg\" alt=\"Soins - Carol'Esth\u00e9tique\" class=\"wp-image-265\" style=\"width:400px;height:267px\" srcset=\"https:\/\/www.carolesthetique-aix.fr\/wp-content\/uploads\/2015\/11\/soins-du-visage-carol-esthetique-aix-estheticienne-a-domicile-2.jpg 450w, https:\/\/www.carolesthetique-aix.fr\/wp-content\/uploads\/2015\/11\/soins-du-visage-carol-esthetique-aix-estheticienne-a-domicile-2-300x200.jpg 300w\" sizes=\"auto, (max-width: 450px) 100vw, 450px\" \/><\/figure>\n<\/div>\n\n\n<p><em>Afin de compl\u00e9ter votre maquillage mari\u00e9e ou tout simplement pour vous faire plaisir, Carol&rsquo;Esth\u00e9tique propose diff\u00e9rents types de soins pour vos ongles de mains et\/ou de pieds, pour sublimer votre visage ou encore pour avoir la peau douce&#8230;<\/em><\/p>\n\n\n\n<h3 class=\"wp-block-heading\"><span style=\"color:#f69581\" class=\"has-inline-color\">Onglerie<\/span><\/h3>\n\n\n\n<p>Pose de vernis semi-permanent + manucure express <strong>35 \u20ac<\/strong><\/p>\n\n\n\n<p>D\u00e9pose de vernis semi-permanent + manucure express <strong>30 \u20ac<\/strong><\/p>\n\n\n\n<p>Pose de vernis classique <strong>15 \u20ac<\/strong><\/p>\n\n\n\n<p>Manucure express <strong>20 \u20ac<\/strong> : <em>Limage, travail des peaux, pose d&rsquo;une base protectrice.<\/em><\/p>\n\n\n\n<p>Beaut\u00e9 des mains <strong>30 \u20ac<\/strong> <strong><em>:<\/em> <\/strong><em>Limage, trempage, repousse et retrait des cuticules, modelage des mains, d\u00e9graissage des ongles, nettoyage du bord libre. Application d\u2019une cr\u00e8me hydratante et d\u2019une base protectrice.<\/em><\/p>\n\n\n\n<p>P\u00e9dicure express <strong>25 \u20ac <\/strong>: <em>Limage, travail des peaux, pose d&rsquo;une base protectrice.<\/em><\/p>\n\n\n\n<p>Beaut\u00e9 des pieds <strong>35 \u20ac : <\/strong><em>Limage, trempage, repousse et retrait des cuticules, gommage, modelage des pieds, pose d\u2019un masque nourrissant, d\u00e9graissage des ongles et nettoyage du bord libre. Application d\u2019une cr\u00e8me hydratante et d\u2019une base protectrice.<\/em><\/p>\n\n\n\n<p><strong>Beaut\u00e9 des mains + pose de vernis semi permanent 50 \u20ac<br>Beaut\u00e9 des pieds + pose de vernis semi permanent 60 \u20ac<\/strong><\/p>\n\n\n\n<h3 class=\"wp-block-heading\"><span style=\"color:#f69581\" class=\"has-inline-color\">Soins du visage<\/span><\/h3>\n\n\n\n<p><strong>Avec les produits Biologiques de la gamme <a href=\"https:\/\/oxalia.eu\/\" target=\"_blank\" rel=\"noreferrer noopener\">Oxalia<\/a><\/strong>.<\/p>\n\n\n\n<p>Soins express &lsquo;coup d&rsquo;\u00e9clat&rsquo; <strong>35 \u20ac<\/strong><\/p>\n\n\n\n<p><em>Soin \u2018bio\u2019 adapt\u00e9 \u00e0 chaque type de peau. Il est id\u00e9al pour les femmes press\u00e9es, qui veulent redonner <strong>\u00e9clat et vitalit\u00e9 \u00e0 leur teint rapidement.<\/strong><\/em><\/p>\n\n\n\n<p><em><strong>D\u00e9roulement du soin:<\/strong><\/em><br><em>Nettoyage en profondeur avec d\u00e9maquillage, gommage, modelage aux huiles bio et masque sp\u00e9cifique puis application d\u2019une cr\u00e8me de jour.<\/em><\/p>\n\n\n\n<p>Soin hydratant \/ nourrissant ou anti-\u00e2ge <strong>60 \u20ac <\/strong><\/p>\n\n\n\n<p><strong>Si vous optez pour le soin Hydratant : <\/strong><em>Soin \u2018bio\u2019 adapt\u00e9 aux peaux d\u00e9shydrat\u00e9es et sensibles, sujettes aux rougeurs, avec des ridules. Votre peau sera nourrie, apais\u00e9e et hydrat\u00e9e gr\u00e2ce \u00e0 ce soin.<\/em><\/p>\n\n\n\n<p><strong>Si vous optez pour le soin Anti-\u00e2ge :<\/strong> <em>Ce soin &lsquo;bio&rsquo; lissera et effacera vos rides les plus profondes<\/em>. <em>Votre peau aura retrouv\u00e9e toute son \u00e9lasticit\u00e9, sa tonicit\u00e9, et elle sera bien hydrat\u00e9e.<\/em><\/p>\n\n\n\n<p><em><strong>D\u00e9roulement du soin :<\/strong><\/em><br><em>Nettoyage en profondeur avec d\u00e9maquillage, gommage, vapeur et extraction des impuret\u00e9s si besoin, modelage sp\u00e9cifique du visage aux huiles bio (techniques qui seront adapt\u00e9es selon votre \u00e2ge et votre type de peau), masque, modelage des deux mains, s\u00e9rum et cr\u00e8me de jour.<\/em><\/p>\n\n\n\n<h3 class=\"wp-block-heading\"><span style=\"color:#f69581\" class=\"has-inline-color\">\u00c9pilations<\/span><\/h3>\n\n\n\n<p>L\u00e8vres\/Menton<strong> 8 \u20ac<\/strong><\/p>\n\n\n\n<p>Sourcils <strong>10 \u20ac<\/strong><\/p>\n\n\n\n<p>Aisselles <strong>12 \u20ac<\/strong><\/p>\n\n\n\n<p>Jambes compl\u00e8tes <strong>28 \u20ac<\/strong><\/p>\n\n\n\n<p>Demi jambes <strong>16 \u20ac<\/strong><\/p>\n\n\n\n<p>Bras <strong>15 \u20ac<\/strong><\/p>\n","protected":false},"excerpt":{"rendered":"<p>Afin de compl\u00e9ter votre maquillage mari\u00e9e ou tout simplement pour vous faire plaisir, Carol&rsquo;Esth\u00e9tique propose diff\u00e9rents types de soins pour vos ongles de mains et\/ou de pieds, pour sublimer votre visage ou encore pour avoir la peau douce&#8230; Onglerie Pose de vernis semi-permanent + manucure express 35 \u20ac D\u00e9pose de vernis semi-permanent + manucure express &hellip; <\/p>\n","protected":false},"author":1,"featured_media":0,"parent":0,"menu_order":0,"comment_status":"closed","ping_status":"closed","template":"","meta":{"footnotes":""},"class_list":["post-1930","page","type-page","status-publish","hentry"],"yoast_head":"<!-- This site is optimized with the Yoast SEO plugin v27.6 - https:\/\/yoast.com\/product\/yoast-seo-wordpress\/ -->\n<title>Soins pour vos \u00c9v\u00e8nements \u00e0 domicile Aix en Provence - Carol&#039;Esth\u00e9tique<\/title>\n<meta name=\"description\" content=\"Carol&#039;Esth\u00e9tique propose diff\u00e9rents types de soins pour compl\u00e9ter vos \u00e9v\u00e8nements beaut\u00e9s \u00e0 domicile ou pour la pr\u00e9paration de votre mariage\" \/>\n<meta name=\"robots\" content=\"index, follow, max-snippet:-1, max-image-preview:large, max-video-preview:-1\" \/>\n<link rel=\"canonical\" href=\"https:\/\/www.carolesthetique-aix.fr\/index.php\/soins-evenements-domicile-aixenprovence\/\" \/>\n<meta property=\"og:locale\" content=\"fr_FR\" \/>\n<meta property=\"og:type\" content=\"article\" \/>\n<meta property=\"og:title\" content=\"Soins pour vos \u00c9v\u00e8nements \u00e0 domicile Aix en Provence - Carol&#039;Esth\u00e9tique\" \/>\n<meta property=\"og:description\" content=\"Carol&#039;Esth\u00e9tique propose diff\u00e9rents types de soins pour compl\u00e9ter vos \u00e9v\u00e8nements beaut\u00e9s \u00e0 domicile ou pour la pr\u00e9paration de votre mariage\" \/>\n<meta property=\"og:url\" content=\"https:\/\/www.carolesthetique-aix.fr\/index.php\/soins-evenements-domicile-aixenprovence\/\" \/>\n<meta property=\"og:site_name\" content=\"Carol&#039;Esth\u00e9tique\" \/>\n<meta property=\"article:publisher\" content=\"https:\/\/www.facebook.com\/CarolEsth%c3%a9tique-515793245268554\/\" \/>\n<meta property=\"article:modified_time\" content=\"2026-03-14T14:22:38+00:00\" \/>\n<meta property=\"og:image\" content=\"https:\/\/www.carolesthetique-aix.fr\/wp-content\/uploads\/2015\/11\/soins-du-visage-carol-esthetique-aix-estheticienne-a-domicile-2.jpg\" \/>\n\t<meta property=\"og:image:width\" content=\"450\" \/>\n\t<meta property=\"og:image:height\" content=\"300\" \/>\n\t<meta property=\"og:image:type\" content=\"image\/jpeg\" \/>\n<meta name=\"twitter:card\" content=\"summary_large_image\" \/>\n<meta name=\"twitter:label1\" content=\"Dur\u00e9e de lecture estim\u00e9e\" \/>\n\t<meta name=\"twitter:data1\" content=\"3 minutes\" \/>\n<script type=\"application\/ld+json\" class=\"yoast-schema-graph\">{\"@context\":\"https:\\\/\\\/schema.org\",\"@graph\":[{\"@type\":\"WebPage\",\"@id\":\"https:\\\/\\\/www.carolesthetique-aix.fr\\\/index.php\\\/soins-evenements-domicile-aixenprovence\\\/\",\"url\":\"https:\\\/\\\/www.carolesthetique-aix.fr\\\/index.php\\\/soins-evenements-domicile-aixenprovence\\\/\",\"name\":\"Soins pour vos \u00c9v\u00e8nements \u00e0 domicile Aix en Provence - Carol&#039;Esth\u00e9tique\",\"isPartOf\":{\"@id\":\"https:\\\/\\\/www.carolesthetique-aix.fr\\\/#website\"},\"primaryImageOfPage\":{\"@id\":\"https:\\\/\\\/www.carolesthetique-aix.fr\\\/index.php\\\/soins-evenements-domicile-aixenprovence\\\/#primaryimage\"},\"image\":{\"@id\":\"https:\\\/\\\/www.carolesthetique-aix.fr\\\/index.php\\\/soins-evenements-domicile-aixenprovence\\\/#primaryimage\"},\"thumbnailUrl\":\"https:\\\/\\\/www.carolesthetique-aix.fr\\\/wp-content\\\/uploads\\\/2015\\\/11\\\/soins-du-visage-carol-esthetique-aix-estheticienne-a-domicile-2.jpg\",\"datePublished\":\"2021-04-11T18:57:35+00:00\",\"dateModified\":\"2026-03-14T14:22:38+00:00\",\"description\":\"Carol'Esth\u00e9tique propose diff\u00e9rents types de soins pour compl\u00e9ter vos \u00e9v\u00e8nements beaut\u00e9s \u00e0 domicile ou pour la pr\u00e9paration de votre mariage\",\"breadcrumb\":{\"@id\":\"https:\\\/\\\/www.carolesthetique-aix.fr\\\/index.php\\\/soins-evenements-domicile-aixenprovence\\\/#breadcrumb\"},\"inLanguage\":\"fr-FR\",\"potentialAction\":[{\"@type\":\"ReadAction\",\"target\":[\"https:\\\/\\\/www.carolesthetique-aix.fr\\\/index.php\\\/soins-evenements-domicile-aixenprovence\\\/\"]}]},{\"@type\":\"ImageObject\",\"inLanguage\":\"fr-FR\",\"@id\":\"https:\\\/\\\/www.carolesthetique-aix.fr\\\/index.php\\\/soins-evenements-domicile-aixenprovence\\\/#primaryimage\",\"url\":\"https:\\\/\\\/www.carolesthetique-aix.fr\\\/wp-content\\\/uploads\\\/2015\\\/11\\\/soins-du-visage-carol-esthetique-aix-estheticienne-a-domicile-2.jpg\",\"contentUrl\":\"https:\\\/\\\/www.carolesthetique-aix.fr\\\/wp-content\\\/uploads\\\/2015\\\/11\\\/soins-du-visage-carol-esthetique-aix-estheticienne-a-domicile-2.jpg\",\"width\":450,\"height\":300,\"caption\":\"Soins - Carol'Esth\u00e9tique\"},{\"@type\":\"BreadcrumbList\",\"@id\":\"https:\\\/\\\/www.carolesthetique-aix.fr\\\/index.php\\\/soins-evenements-domicile-aixenprovence\\\/#breadcrumb\",\"itemListElement\":[{\"@type\":\"ListItem\",\"position\":1,\"name\":\"Accueil\",\"item\":\"https:\\\/\\\/www.carolesthetique-aix.fr\\\/\"},{\"@type\":\"ListItem\",\"position\":2,\"name\":\"Soins pour vos \u00c9v\u00e8nements \u00e0 domicile Aix en Provence\"}]},{\"@type\":\"WebSite\",\"@id\":\"https:\\\/\\\/www.carolesthetique-aix.fr\\\/#website\",\"url\":\"https:\\\/\\\/www.carolesthetique-aix.fr\\\/\",\"name\":\"Carol&#039;Esth\u00e9tique\",\"description\":\"Maquillages et \u00c9v\u00e8nements Beaut\u00e9 \u00e0 Domicile\",\"potentialAction\":[{\"@type\":\"SearchAction\",\"target\":{\"@type\":\"EntryPoint\",\"urlTemplate\":\"https:\\\/\\\/www.carolesthetique-aix.fr\\\/?s={search_term_string}\"},\"query-input\":{\"@type\":\"PropertyValueSpecification\",\"valueRequired\":true,\"valueName\":\"search_term_string\"}}],\"inLanguage\":\"fr-FR\"}]}<\/script>\n<!-- \/ Yoast SEO plugin. -->","yoast_head_json":{"title":"Soins pour vos \u00c9v\u00e8nements \u00e0 domicile Aix en Provence - Carol&#039;Esth\u00e9tique","description":"Carol'Esth\u00e9tique propose diff\u00e9rents types de soins pour compl\u00e9ter vos \u00e9v\u00e8nements beaut\u00e9s \u00e0 domicile ou pour la pr\u00e9paration de votre mariage","robots":{"index":"index","follow":"follow","max-snippet":"max-snippet:-1","max-image-preview":"max-image-preview:large","max-video-preview":"max-video-preview:-1"},"canonical":"https:\/\/www.carolesthetique-aix.fr\/index.php\/soins-evenements-domicile-aixenprovence\/","og_locale":"fr_FR","og_type":"article","og_title":"Soins pour vos \u00c9v\u00e8nements \u00e0 domicile Aix en Provence - Carol&#039;Esth\u00e9tique","og_description":"Carol'Esth\u00e9tique propose diff\u00e9rents types de soins pour compl\u00e9ter vos \u00e9v\u00e8nements beaut\u00e9s \u00e0 domicile ou pour la pr\u00e9paration de votre mariage","og_url":"https:\/\/www.carolesthetique-aix.fr\/index.php\/soins-evenements-domicile-aixenprovence\/","og_site_name":"Carol&#039;Esth\u00e9tique","article_publisher":"https:\/\/www.facebook.com\/CarolEsth%c3%a9tique-515793245268554\/","article_modified_time":"2026-03-14T14:22:38+00:00","og_image":[{"width":450,"height":300,"url":"https:\/\/www.carolesthetique-aix.fr\/wp-content\/uploads\/2015\/11\/soins-du-visage-carol-esthetique-aix-estheticienne-a-domicile-2.jpg","type":"image\/jpeg"}],"twitter_card":"summary_large_image","twitter_misc":{"Dur\u00e9e de lecture estim\u00e9e":"3 minutes"},"schema":{"@context":"https:\/\/schema.org","@graph":[{"@type":"WebPage","@id":"https:\/\/www.carolesthetique-aix.fr\/index.php\/soins-evenements-domicile-aixenprovence\/","url":"https:\/\/www.carolesthetique-aix.fr\/index.php\/soins-evenements-domicile-aixenprovence\/","name":"Soins pour vos \u00c9v\u00e8nements \u00e0 domicile Aix en Provence - Carol&#039;Esth\u00e9tique","isPartOf":{"@id":"https:\/\/www.carolesthetique-aix.fr\/#website"},"primaryImageOfPage":{"@id":"https:\/\/www.carolesthetique-aix.fr\/index.php\/soins-evenements-domicile-aixenprovence\/#primaryimage"},"image":{"@id":"https:\/\/www.carolesthetique-aix.fr\/index.php\/soins-evenements-domicile-aixenprovence\/#primaryimage"},"thumbnailUrl":"https:\/\/www.carolesthetique-aix.fr\/wp-content\/uploads\/2015\/11\/soins-du-visage-carol-esthetique-aix-estheticienne-a-domicile-2.jpg","datePublished":"2021-04-11T18:57:35+00:00","dateModified":"2026-03-14T14:22:38+00:00","description":"Carol'Esth\u00e9tique propose diff\u00e9rents types de soins pour compl\u00e9ter vos \u00e9v\u00e8nements beaut\u00e9s \u00e0 domicile ou pour la pr\u00e9paration de votre mariage","breadcrumb":{"@id":"https:\/\/www.carolesthetique-aix.fr\/index.php\/soins-evenements-domicile-aixenprovence\/#breadcrumb"},"inLanguage":"fr-FR","potentialAction":[{"@type":"ReadAction","target":["https:\/\/www.carolesthetique-aix.fr\/index.php\/soins-evenements-domicile-aixenprovence\/"]}]},{"@type":"ImageObject","inLanguage":"fr-FR","@id":"https:\/\/www.carolesthetique-aix.fr\/index.php\/soins-evenements-domicile-aixenprovence\/#primaryimage","url":"https:\/\/www.carolesthetique-aix.fr\/wp-content\/uploads\/2015\/11\/soins-du-visage-carol-esthetique-aix-estheticienne-a-domicile-2.jpg","contentUrl":"https:\/\/www.carolesthetique-aix.fr\/wp-content\/uploads\/2015\/11\/soins-du-visage-carol-esthetique-aix-estheticienne-a-domicile-2.jpg","width":450,"height":300,"caption":"Soins - Carol'Esth\u00e9tique"},{"@type":"BreadcrumbList","@id":"https:\/\/www.carolesthetique-aix.fr\/index.php\/soins-evenements-domicile-aixenprovence\/#breadcrumb","itemListElement":[{"@type":"ListItem","position":1,"name":"Accueil","item":"https:\/\/www.carolesthetique-aix.fr\/"},{"@type":"ListItem","position":2,"name":"Soins pour vos \u00c9v\u00e8nements \u00e0 domicile Aix en Provence"}]},{"@type":"WebSite","@id":"https:\/\/www.carolesthetique-aix.fr\/#website","url":"https:\/\/www.carolesthetique-aix.fr\/","name":"Carol&#039;Esth\u00e9tique","description":"Maquillages et \u00c9v\u00e8nements Beaut\u00e9 \u00e0 Domicile","potentialAction":[{"@type":"SearchAction","target":{"@type":"EntryPoint","urlTemplate":"https:\/\/www.carolesthetique-aix.fr\/?s={search_term_string}"},"query-input":{"@type":"PropertyValueSpecification","valueRequired":true,"valueName":"search_term_string"}}],"inLanguage":"fr-FR"}]}},"_links":{"self":[{"href":"https:\/\/www.carolesthetique-aix.fr\/index.php\/wp-json\/wp\/v2\/pages\/1930","targetHints":{"allow":["GET"]}}],"collection":[{"href":"https:\/\/www.carolesthetique-aix.fr\/index.php\/wp-json\/wp\/v2\/pages"}],"about":[{"href":"https:\/\/www.carolesthetique-aix.fr\/index.php\/wp-json\/wp\/v2\/types\/page"}],"author":[{"embeddable":true,"href":"https:\/\/www.carolesthetique-aix.fr\/index.php\/wp-json\/wp\/v2\/users\/1"}],"replies":[{"embeddable":true,"href":"https:\/\/www.carolesthetique-aix.fr\/index.php\/wp-json\/wp\/v2\/comments?post=1930"}],"version-history":[{"count":18,"href":"https:\/\/www.carolesthetique-aix.fr\/index.php\/wp-json\/wp\/v2\/pages\/1930\/revisions"}],"predecessor-version":[{"id":2344,"href":"https:\/\/www.carolesthetique-aix.fr\/index.php\/wp-json\/wp\/v2\/pages\/1930\/revisions\/2344"}],"wp:attachment":[{"href":"https:\/\/www.carolesthetique-aix.fr\/index.php\/wp-json\/wp\/v2\/media?parent=1930"}],"curies":[{"name":"wp","href":"https:\/\/api.w.org\/{rel}","templated":true}]}}