{"id":1927,"date":"2021-04-11T20:57:23","date_gmt":"2021-04-11T18:57:23","guid":{"rendered":"http:\/\/carolesthetique-aix.fr\/?page_id=1927"},"modified":"2026-03-14T15:02:21","modified_gmt":"2026-03-14T14:02:21","slug":"maquillage-mariage-2","status":"publish","type":"page","link":"https:\/\/www.carolesthetique-aix.fr\/index.php\/maquillage-mariage-2\/","title":{"rendered":"Maquillage Mariage \u00e0 domicile Aix en Provence"},"content":{"rendered":"<div class=\"wp-block-image\">\n<figure class=\"aligncenter size-full\"><img loading=\"lazy\" decoding=\"async\" width=\"400\" height=\"267\" src=\"https:\/\/www.carolesthetique-aix.fr\/wp-content\/uploads\/2021\/04\/CM-0157-1-scaled-e1618348293283.jpg\" alt=\"Maquillages Mariages\" class=\"wp-image-2085\"\/><\/figure>\n<\/div>\n\n\n<p><em>Carol&rsquo;Esth\u00e9tique se d\u00e9place aussi \u00e0 votre domicile pour r\u00e9aliser votre Maquillage \u00e0 l&rsquo;occasion de votre mariage<\/em><\/p>\n\n\n\n<h3 class=\"wp-block-heading\"><strong><span style=\"background-color:rgba(0, 0, 0, 0);color:#f69581\" class=\"has-inline-color\">Maquillages Mari\u00e9e, invit\u00e9s et enfants<\/span><\/strong><\/h3>\n\n\n\n<p>Maquillage Mari\u00e9e + 1 essai <strong>170 \u20ac<\/strong> (pr\u00e9voir 1h30 environ)<\/p>\n\n\n\n<p>Maquillage Mari\u00e9e + 2 essais <strong>200 \u20ac<\/strong> (pr\u00e9voir 2h environ)<\/p>\n\n\n\n<p>Essai seul <strong>80 \u20ac<\/strong><\/p>\n\n\n\n<p>Maquillage invit\u00e9(e)s <strong>40 \u20ac<\/strong><\/p>\n\n\n\n<p>Maquillage enfants <strong>15 \u20ac<\/strong><\/p>\n\n\n\n<p><strong><span style=\"background-color:rgba(0, 0, 0, 0);color:#f69581\" class=\"has-inline-color\">Forfait &lsquo;Mari\u00e9e Divine&rsquo;<\/span><\/strong> : maquillage mari\u00e9e + essais +  maquillage des invit\u00e9s de la mari\u00e9e (4 personnes maximum), accompagnement de la mari\u00e9e jusqu\u2019\u00e0 21h sur les lieux du mariage avec retouches make-up y compris pour les 4 personnes suppl\u00e9mentaires <strong>400 \u20ac<\/strong><\/p>\n\n\n\n<p>Pour compl\u00e9ter votre maquillage, Carol&rsquo;Esth\u00e9tique propose \u00e9galement des prestations <a href=\"https:\/\/www.carolesthetique-aix.fr\/index.php\/soins-evenements-domicile-aixenprovence\/\">esth\u00e9tiques suppl\u00e9mentaires<\/a>. Si vous souhaitez un devis personnalis\u00e9 n&rsquo;h\u00e9sitez pas \u00e0 me <a href=\"https:\/\/www.carolesthetique-aix.fr\/index.php\/contact\/\">contacter<\/a>.<\/p>\n\n\n\n<p>Important : Pensez \u00e0 <a href=\"https:\/\/www.carolesthetique-aix.fr\/index.php\/contact\/\">prendre rendez-vous<\/a> relativement \u00e0 l&rsquo;avance pour plus de disponibilit\u00e9s !<\/p>\n","protected":false},"excerpt":{"rendered":"<p>Carol&rsquo;Esth\u00e9tique se d\u00e9place aussi \u00e0 votre domicile pour r\u00e9aliser votre Maquillage \u00e0 l&rsquo;occasion de votre mariage Maquillages Mari\u00e9e, invit\u00e9s et enfants Maquillage Mari\u00e9e + 1 essai 170 \u20ac (pr\u00e9voir 1h30 environ) Maquillage Mari\u00e9e + 2 essais 200 \u20ac (pr\u00e9voir 2h environ) Essai seul 80 \u20ac Maquillage invit\u00e9(e)s 40 \u20ac Maquillage enfants 15 \u20ac Forfait &lsquo;Mari\u00e9e &hellip; <\/p>\n","protected":false},"author":1,"featured_media":0,"parent":0,"menu_order":0,"comment_status":"closed","ping_status":"closed","template":"","meta":{"footnotes":""},"class_list":["post-1927","page","type-page","status-publish","hentry"],"yoast_head":"<!-- This site is optimized with the Yoast SEO plugin v27.5 - https:\/\/yoast.com\/product\/yoast-seo-wordpress\/ -->\n<title>Maquillage mariage \u00e0 domicile Aix en Provence - Carol&#039;Esth\u00e9tique<\/title>\n<meta name=\"description\" content=\"Maquillage mariage \u00e0 domicile : Carol&#039;Esth\u00e9tique, propose ses &quot;maquillages mariage&quot; pour le plus beau jour de votre vie.\" \/>\n<meta name=\"robots\" content=\"index, follow, max-snippet:-1, max-image-preview:large, max-video-preview:-1\" \/>\n<link rel=\"canonical\" href=\"https:\/\/www.carolesthetique-aix.fr\/index.php\/maquillage-mariage-2\/\" \/>\n<meta property=\"og:locale\" content=\"fr_FR\" \/>\n<meta property=\"og:type\" content=\"article\" \/>\n<meta property=\"og:title\" content=\"Maquillage mariage \u00e0 domicile Aix en Provence - Carol&#039;Esth\u00e9tique\" \/>\n<meta property=\"og:description\" content=\"Maquillage mariage \u00e0 domicile : Carol&#039;Esth\u00e9tique, propose ses &quot;maquillages mariage&quot; pour le plus beau jour de votre vie.\" \/>\n<meta property=\"og:url\" content=\"https:\/\/www.carolesthetique-aix.fr\/index.php\/maquillage-mariage-2\/\" \/>\n<meta property=\"og:site_name\" content=\"Carol&#039;Esth\u00e9tique\" \/>\n<meta property=\"article:publisher\" content=\"https:\/\/www.facebook.com\/CarolEsth%c3%a9tique-515793245268554\/\" \/>\n<meta property=\"article:modified_time\" content=\"2026-03-14T14:02:21+00:00\" \/>\n<meta property=\"og:image\" content=\"https:\/\/www.carolesthetique-aix.fr\/wp-content\/uploads\/2021\/04\/CM-0157-1-scaled-e1618348293283.jpg\" \/>\n\t<meta property=\"og:image:width\" content=\"400\" \/>\n\t<meta property=\"og:image:height\" content=\"267\" \/>\n\t<meta property=\"og:image:type\" content=\"image\/jpeg\" \/>\n<meta name=\"twitter:card\" content=\"summary_large_image\" \/>\n<meta name=\"twitter:label1\" content=\"Dur\u00e9e de lecture estim\u00e9e\" \/>\n\t<meta name=\"twitter:data1\" content=\"1 minute\" \/>\n<script type=\"application\/ld+json\" class=\"yoast-schema-graph\">{\"@context\":\"https:\\\/\\\/schema.org\",\"@graph\":[{\"@type\":\"WebPage\",\"@id\":\"https:\\\/\\\/www.carolesthetique-aix.fr\\\/index.php\\\/maquillage-mariage-2\\\/\",\"url\":\"https:\\\/\\\/www.carolesthetique-aix.fr\\\/index.php\\\/maquillage-mariage-2\\\/\",\"name\":\"Maquillage mariage \u00e0 domicile Aix en Provence - Carol'Esth\u00e9tique\",\"isPartOf\":{\"@id\":\"https:\\\/\\\/www.carolesthetique-aix.fr\\\/#website\"},\"primaryImageOfPage\":{\"@id\":\"https:\\\/\\\/www.carolesthetique-aix.fr\\\/index.php\\\/maquillage-mariage-2\\\/#primaryimage\"},\"image\":{\"@id\":\"https:\\\/\\\/www.carolesthetique-aix.fr\\\/index.php\\\/maquillage-mariage-2\\\/#primaryimage\"},\"thumbnailUrl\":\"https:\\\/\\\/www.carolesthetique-aix.fr\\\/wp-content\\\/uploads\\\/2021\\\/04\\\/CM-0157-1-scaled-e1618348293283.jpg\",\"datePublished\":\"2021-04-11T18:57:23+00:00\",\"dateModified\":\"2026-03-14T14:02:21+00:00\",\"description\":\"Maquillage mariage \u00e0 domicile : Carol'Esth\u00e9tique, propose ses \\\"maquillages mariage\\\" pour le plus beau jour de votre vie.\",\"breadcrumb\":{\"@id\":\"https:\\\/\\\/www.carolesthetique-aix.fr\\\/index.php\\\/maquillage-mariage-2\\\/#breadcrumb\"},\"inLanguage\":\"fr-FR\",\"potentialAction\":[{\"@type\":\"ReadAction\",\"target\":[\"https:\\\/\\\/www.carolesthetique-aix.fr\\\/index.php\\\/maquillage-mariage-2\\\/\"]}]},{\"@type\":\"ImageObject\",\"inLanguage\":\"fr-FR\",\"@id\":\"https:\\\/\\\/www.carolesthetique-aix.fr\\\/index.php\\\/maquillage-mariage-2\\\/#primaryimage\",\"url\":\"https:\\\/\\\/www.carolesthetique-aix.fr\\\/wp-content\\\/uploads\\\/2021\\\/04\\\/CM-0157-1-scaled-e1618348293283.jpg\",\"contentUrl\":\"https:\\\/\\\/www.carolesthetique-aix.fr\\\/wp-content\\\/uploads\\\/2021\\\/04\\\/CM-0157-1-scaled-e1618348293283.jpg\",\"width\":400,\"height\":267,\"caption\":\"Les Maquillages Mariages\"},{\"@type\":\"BreadcrumbList\",\"@id\":\"https:\\\/\\\/www.carolesthetique-aix.fr\\\/index.php\\\/maquillage-mariage-2\\\/#breadcrumb\",\"itemListElement\":[{\"@type\":\"ListItem\",\"position\":1,\"name\":\"Accueil\",\"item\":\"https:\\\/\\\/www.carolesthetique-aix.fr\\\/\"},{\"@type\":\"ListItem\",\"position\":2,\"name\":\"Maquillage Mariage \u00e0 domicile Aix en Provence\"}]},{\"@type\":\"WebSite\",\"@id\":\"https:\\\/\\\/www.carolesthetique-aix.fr\\\/#website\",\"url\":\"https:\\\/\\\/www.carolesthetique-aix.fr\\\/\",\"name\":\"Carol&#039;Esth\u00e9tique\",\"description\":\"Maquillages et \u00c9v\u00e8nements Beaut\u00e9 \u00e0 Domicile\",\"potentialAction\":[{\"@type\":\"SearchAction\",\"target\":{\"@type\":\"EntryPoint\",\"urlTemplate\":\"https:\\\/\\\/www.carolesthetique-aix.fr\\\/?s={search_term_string}\"},\"query-input\":{\"@type\":\"PropertyValueSpecification\",\"valueRequired\":true,\"valueName\":\"search_term_string\"}}],\"inLanguage\":\"fr-FR\"}]}<\/script>\n<!-- \/ Yoast SEO plugin. -->","yoast_head_json":{"title":"Maquillage mariage \u00e0 domicile Aix en Provence - Carol'Esth\u00e9tique","description":"Maquillage mariage \u00e0 domicile : Carol'Esth\u00e9tique, propose ses \"maquillages mariage\" pour le plus beau jour de votre vie.","robots":{"index":"index","follow":"follow","max-snippet":"max-snippet:-1","max-image-preview":"max-image-preview:large","max-video-preview":"max-video-preview:-1"},"canonical":"https:\/\/www.carolesthetique-aix.fr\/index.php\/maquillage-mariage-2\/","og_locale":"fr_FR","og_type":"article","og_title":"Maquillage mariage \u00e0 domicile Aix en Provence - Carol'Esth\u00e9tique","og_description":"Maquillage mariage \u00e0 domicile : Carol'Esth\u00e9tique, propose ses \"maquillages mariage\" pour le plus beau jour de votre vie.","og_url":"https:\/\/www.carolesthetique-aix.fr\/index.php\/maquillage-mariage-2\/","og_site_name":"Carol&#039;Esth\u00e9tique","article_publisher":"https:\/\/www.facebook.com\/CarolEsth%c3%a9tique-515793245268554\/","article_modified_time":"2026-03-14T14:02:21+00:00","og_image":[{"width":400,"height":267,"url":"https:\/\/www.carolesthetique-aix.fr\/wp-content\/uploads\/2021\/04\/CM-0157-1-scaled-e1618348293283.jpg","type":"image\/jpeg"}],"twitter_card":"summary_large_image","twitter_misc":{"Dur\u00e9e de lecture estim\u00e9e":"1 minute"},"schema":{"@context":"https:\/\/schema.org","@graph":[{"@type":"WebPage","@id":"https:\/\/www.carolesthetique-aix.fr\/index.php\/maquillage-mariage-2\/","url":"https:\/\/www.carolesthetique-aix.fr\/index.php\/maquillage-mariage-2\/","name":"Maquillage mariage \u00e0 domicile Aix en Provence - Carol'Esth\u00e9tique","isPartOf":{"@id":"https:\/\/www.carolesthetique-aix.fr\/#website"},"primaryImageOfPage":{"@id":"https:\/\/www.carolesthetique-aix.fr\/index.php\/maquillage-mariage-2\/#primaryimage"},"image":{"@id":"https:\/\/www.carolesthetique-aix.fr\/index.php\/maquillage-mariage-2\/#primaryimage"},"thumbnailUrl":"https:\/\/www.carolesthetique-aix.fr\/wp-content\/uploads\/2021\/04\/CM-0157-1-scaled-e1618348293283.jpg","datePublished":"2021-04-11T18:57:23+00:00","dateModified":"2026-03-14T14:02:21+00:00","description":"Maquillage mariage \u00e0 domicile : Carol'Esth\u00e9tique, propose ses \"maquillages mariage\" pour le plus beau jour de votre vie.","breadcrumb":{"@id":"https:\/\/www.carolesthetique-aix.fr\/index.php\/maquillage-mariage-2\/#breadcrumb"},"inLanguage":"fr-FR","potentialAction":[{"@type":"ReadAction","target":["https:\/\/www.carolesthetique-aix.fr\/index.php\/maquillage-mariage-2\/"]}]},{"@type":"ImageObject","inLanguage":"fr-FR","@id":"https:\/\/www.carolesthetique-aix.fr\/index.php\/maquillage-mariage-2\/#primaryimage","url":"https:\/\/www.carolesthetique-aix.fr\/wp-content\/uploads\/2021\/04\/CM-0157-1-scaled-e1618348293283.jpg","contentUrl":"https:\/\/www.carolesthetique-aix.fr\/wp-content\/uploads\/2021\/04\/CM-0157-1-scaled-e1618348293283.jpg","width":400,"height":267,"caption":"Les Maquillages Mariages"},{"@type":"BreadcrumbList","@id":"https:\/\/www.carolesthetique-aix.fr\/index.php\/maquillage-mariage-2\/#breadcrumb","itemListElement":[{"@type":"ListItem","position":1,"name":"Accueil","item":"https:\/\/www.carolesthetique-aix.fr\/"},{"@type":"ListItem","position":2,"name":"Maquillage Mariage \u00e0 domicile Aix en Provence"}]},{"@type":"WebSite","@id":"https:\/\/www.carolesthetique-aix.fr\/#website","url":"https:\/\/www.carolesthetique-aix.fr\/","name":"Carol&#039;Esth\u00e9tique","description":"Maquillages et \u00c9v\u00e8nements Beaut\u00e9 \u00e0 Domicile","potentialAction":[{"@type":"SearchAction","target":{"@type":"EntryPoint","urlTemplate":"https:\/\/www.carolesthetique-aix.fr\/?s={search_term_string}"},"query-input":{"@type":"PropertyValueSpecification","valueRequired":true,"valueName":"search_term_string"}}],"inLanguage":"fr-FR"}]}},"_links":{"self":[{"href":"https:\/\/www.carolesthetique-aix.fr\/index.php\/wp-json\/wp\/v2\/pages\/1927","targetHints":{"allow":["GET"]}}],"collection":[{"href":"https:\/\/www.carolesthetique-aix.fr\/index.php\/wp-json\/wp\/v2\/pages"}],"about":[{"href":"https:\/\/www.carolesthetique-aix.fr\/index.php\/wp-json\/wp\/v2\/types\/page"}],"author":[{"embeddable":true,"href":"https:\/\/www.carolesthetique-aix.fr\/index.php\/wp-json\/wp\/v2\/users\/1"}],"replies":[{"embeddable":true,"href":"https:\/\/www.carolesthetique-aix.fr\/index.php\/wp-json\/wp\/v2\/comments?post=1927"}],"version-history":[{"count":49,"href":"https:\/\/www.carolesthetique-aix.fr\/index.php\/wp-json\/wp\/v2\/pages\/1927\/revisions"}],"predecessor-version":[{"id":2335,"href":"https:\/\/www.carolesthetique-aix.fr\/index.php\/wp-json\/wp\/v2\/pages\/1927\/revisions\/2335"}],"wp:attachment":[{"href":"https:\/\/www.carolesthetique-aix.fr\/index.php\/wp-json\/wp\/v2\/media?parent=1927"}],"curies":[{"name":"wp","href":"https:\/\/api.w.org\/{rel}","templated":true}]}}

Maquillage Mariage à domicile Aix en Provence

<div class="wp-block-image">
<figure class="aligncenter size-full"><img loading="lazy" decoding="async" width="400" height="267" src="https://www.carolesthetique-aix.fr/wp-content/uploads/2021/04/CM-0157-1-scaled-e1618348293283.jpg" alt="Maquillages Mariages" class="wp-image-2085"/></figure>
</div>


<p><em>Carol&rsquo;Esthétique se déplace aussi à votre domicile pour réaliser votre Maquillage à l&rsquo;occasion de votre mariage</em></p>



<h3 class="wp-block-heading"><strong><span style="background-color:rgba(0, 0, 0, 0);color:#f69581" class="has-inline-color">Maquillages Mariée, invités et enfants</span></strong></h3>



<p>Maquillage Mariée + 1 essai <strong>170 €</strong> (prévoir 1h30 environ)</p>



<p>Maquillage Mariée + 2 essais <strong>200 €</strong> (prévoir 2h environ)</p>



<p>Essai seul <strong>80 €</strong></p>



<p>Maquillage invité(e)s <strong>40 €</strong></p>



<p>Maquillage enfants <strong>15 €</strong></p>



<p><strong><span style="background-color:rgba(0, 0, 0, 0);color:#f69581" class="has-inline-color">Forfait &lsquo;Mariée Divine&rsquo;</span></strong> : maquillage mariée + essais +  maquillage des invités de la mariée (4 personnes maximum), accompagnement de la mariée jusqu’à 21h sur les lieux du mariage avec retouches make-up y compris pour les 4 personnes supplémentaires <strong>400 €</strong></p>



<p>Pour compléter votre maquillage, Carol&rsquo;Esthétique propose également des prestations <a href="https://www.carolesthetique-aix.fr/index.php/soins-evenements-domicile-aixenprovence/">esthétiques supplémentaires</a>. Si vous souhaitez un devis personnalisé n&rsquo;hésitez pas à me <a href="https://www.carolesthetique-aix.fr/index.php/contact/">contacter</a>.</p>



<p>Important : Pensez à <a href="https://www.carolesthetique-aix.fr/index.php/contact/">prendre rendez-vous</a> relativement à l&rsquo;avance pour plus de disponibilités !</p>

<p>Carol&rsquo;Esthétique se déplace aussi à votre domicile pour réaliser votre Maquillage à l&rsquo;occasion de votre mariage Maquillages Mariée, invités et enfants Maquillage Mariée + 1 essai 170 € (prévoir 1h30 environ) Maquillage Mariée + 2 essais 200 € (prévoir 2h environ) Essai seul 80 € Maquillage invité(e)s 40 € Maquillage enfants 15 € Forfait &lsquo;Mariée &hellip; </p>

<!-- This site is optimized with the Yoast SEO plugin v27.5 - https://yoast.com/product/yoast-seo-wordpress/ -->
<title>Maquillage mariage à domicile Aix en Provence - Carol&#039;Esthétique</title>
<meta name="description" content="Maquillage mariage à domicile : Carol&#039;Esthétique, propose ses &quot;maquillages mariage&quot; pour le plus beau jour de votre vie." />
<meta name="robots" content="index, follow, max-snippet:-1, max-image-preview:large, max-video-preview:-1" />
<link rel="canonical" href="https://www.carolesthetique-aix.fr/index.php/maquillage-mariage-2/" />
<meta property="og:locale" content="fr_FR" />
<meta property="og:type" content="article" />
<meta property="og:title" content="Maquillage mariage à domicile Aix en Provence - Carol&#039;Esthétique" />
<meta property="og:description" content="Maquillage mariage à domicile : Carol&#039;Esthétique, propose ses &quot;maquillages mariage&quot; pour le plus beau jour de votre vie." />
<meta property="og:url" content="https://www.carolesthetique-aix.fr/index.php/maquillage-mariage-2/" />
<meta property="og:site_name" content="Carol&#039;Esthétique" />
<meta property="article:publisher" content="https://www.facebook.com/CarolEsth%c3%a9tique-515793245268554/" />
<meta property="article:modified_time" content="2026-03-14T14:02:21+00:00" />
<meta property="og:image" content="https://www.carolesthetique-aix.fr/wp-content/uploads/2021/04/CM-0157-1-scaled-e1618348293283.jpg" />
	<meta property="og:image:width" content="400" />
	<meta property="og:image:height" content="267" />
	<meta property="og:image:type" content="image/jpeg" />
<meta name="twitter:card" content="summary_large_image" />
<meta name="twitter:label1" content="Durée de lecture estimée" />
	<meta name="twitter:data1" content="1 minute" />
<script type="application/ld+json" class="yoast-schema-graph">{"@context":"https:\/\/schema.org","@graph":[{"@type":"WebPage","@id":"https:\/\/www.carolesthetique-aix.fr\/index.php\/maquillage-mariage-2\/","url":"https:\/\/www.carolesthetique-aix.fr\/index.php\/maquillage-mariage-2\/","name":"Maquillage mariage à domicile Aix en Provence - Carol'Esthétique","isPartOf":{"@id":"https:\/\/www.carolesthetique-aix.fr\/#website"},"primaryImageOfPage":{"@id":"https:\/\/www.carolesthetique-aix.fr\/index.php\/maquillage-mariage-2\/#primaryimage"},"image":{"@id":"https:\/\/www.carolesthetique-aix.fr\/index.php\/maquillage-mariage-2\/#primaryimage"},"thumbnailUrl":"https:\/\/www.carolesthetique-aix.fr\/wp-content\/uploads\/2021\/04\/CM-0157-1-scaled-e1618348293283.jpg","datePublished":"2021-04-11T18:57:23+00:00","dateModified":"2026-03-14T14:02:21+00:00","description":"Maquillage mariage à domicile : Carol'Esthétique, propose ses \"maquillages mariage\" pour le plus beau jour de votre vie.","breadcrumb":{"@id":"https:\/\/www.carolesthetique-aix.fr\/index.php\/maquillage-mariage-2\/#breadcrumb"},"inLanguage":"fr-FR","potentialAction":[{"@type":"ReadAction","target":["https:\/\/www.carolesthetique-aix.fr\/index.php\/maquillage-mariage-2\/"]}]},{"@type":"ImageObject","inLanguage":"fr-FR","@id":"https:\/\/www.carolesthetique-aix.fr\/index.php\/maquillage-mariage-2\/#primaryimage","url":"https:\/\/www.carolesthetique-aix.fr\/wp-content\/uploads\/2021\/04\/CM-0157-1-scaled-e1618348293283.jpg","contentUrl":"https:\/\/www.carolesthetique-aix.fr\/wp-content\/uploads\/2021\/04\/CM-0157-1-scaled-e1618348293283.jpg","width":400,"height":267,"caption":"Les Maquillages Mariages"},{"@type":"BreadcrumbList","@id":"https:\/\/www.carolesthetique-aix.fr\/index.php\/maquillage-mariage-2\/#breadcrumb","itemListElement":[{"@type":"ListItem","position":1,"name":"Accueil","item":"https:\/\/www.carolesthetique-aix.fr\/"},{"@type":"ListItem","position":2,"name":"Maquillage Mariage à domicile Aix en Provence"}]},{"@type":"WebSite","@id":"https:\/\/www.carolesthetique-aix.fr\/#website","url":"https:\/\/www.carolesthetique-aix.fr\/","name":"Carol&#039;Esthétique","description":"Maquillages et Évènements Beauté à Domicile","potentialAction":[{"@type":"SearchAction","target":{"@type":"EntryPoint","urlTemplate":"https:\/\/www.carolesthetique-aix.fr\/?s={search_term_string}"},"query-input":{"@type":"PropertyValueSpecification","valueRequired":true,"valueName":"search_term_string"}}],"inLanguage":"fr-FR"}]}</script>
<!-- / Yoast SEO plugin. -->

Maquillage mariage à domicile Aix en Provence - Carol'Esthétique

Maquillage mariage à domicile : Carol'Esthétique, propose ses "maquillages mariage" pour le plus beau jour de votre vie.

Carol&#039;Esthétique

Maquillages et Évènements Beauté à Domicile
