{"id":1925,"date":"2021-04-11T20:57:01","date_gmt":"2021-04-11T18:57:01","guid":{"rendered":"http:\/\/carolesthetique-aix.fr\/?page_id=1925"},"modified":"2026-03-14T15:09:50","modified_gmt":"2026-03-14T14:09:50","slug":"maquillages-domicile","status":"publish","type":"page","link":"https:\/\/www.carolesthetique-aix.fr\/index.php\/maquillages-domicile\/","title":{"rendered":"Maquillages \u00e0 domicile Aix en Provence"},"content":{"rendered":"<div class=\"wp-block-image\">\n<figure class=\"aligncenter size-large\"><img loading=\"lazy\" decoding=\"async\" width=\"400\" height=\"267\" src=\"https:\/\/www.carolesthetique-aix.fr\/wp-content\/uploads\/2019\/09\/CM-0143-e1618173920430.jpg\" alt=\"Les Maquillages\" class=\"wp-image-1862\"\/><\/figure>\n<\/div>\n\n\n<p><em>Plusieurs choix de maquillages sont propos\u00e9s ci-dessous. En effet, vous pouvez faire appel \u00e0 Carol&rsquo;Esth\u00e9tique pour un maquillage de tous les jours, pour vos soir\u00e9es ou encore pour un shooting photo&#8230;<\/em><\/p>\n\n\n\n<p><strong>Marque biologique utilis\u00e9e pour vos Maquillages <a href=\"https:\/\/zaomakeup.com\/fr\" target=\"_blank\" rel=\"noreferrer noopener\">Zao Makeup<\/a><\/strong><\/p>\n\n\n\n<h3 class=\"wp-block-heading\"><strong><span style=\"color:#f69581\" class=\"has-inline-color\">Maquillage Jour<\/span><\/strong><\/h3>\n\n\n\n<p><strong>30 \u20ac<\/strong><\/p>\n\n\n\n<p><em>L\u00e9ger et naturel, maquillage de tous les jours.<\/em><\/p>\n\n\n\n<h3 class=\"wp-block-heading\"><strong><span style=\"color:#f69581\" class=\"has-inline-color\">Maquillage Soir<\/span><br><\/strong><\/h3>\n\n\n\n<p><strong>45 \u20ac<\/strong><\/p>\n\n\n\n<p><em>Sophistiqu\u00e9 et soutenu, il sera en harmonie avec votre tenue \u00e0 l\u2019occasion d\u2019une soir\u00e9e.<br><\/em><\/p>\n\n\n\n<h3 class=\"wp-block-heading\"><strong><span style=\"color:#f69581\" class=\"has-inline-color\">Maquillage \u00c9v\u00e8nements<\/span><br><\/strong><\/h3>\n\n\n\n<p><strong>60 \u20ac<\/strong><\/p>\n\n\n\n<p><em>Pour un shooting photo ou&nbsp;un smokey eyes pour une occasion particuli\u00e8re\u2026<br><\/em><\/p>\n\n\n\n<h3 class=\"wp-block-heading\"><strong><span style=\"color:#f69581\" class=\"has-inline-color\">Cours d\u2019auto-maquillage<\/span><\/strong><\/h3>\n\n\n\n<p><strong>80 \u20ac<\/strong><\/p>\n\n\n\n<p><em>Seule ou en groupe, Carol\u2019Esth\u00e9tique vous donnera des conseils personnalis\u00e9s pour mettre en valeur votre visage, pour dissimuler vos petites imperfections afin d\u2019\u00eatre encore plus belle.<\/em><\/p>\n\n\n\n<p><strong>Possibilit\u00e9 d\u2019un tarif r\u00e9duit pour les cours collectifs, demandez un <a href=\"https:\/\/www.carolesthetique-aix.fr\/index.php\/contact\/\">devis<\/a>.<br><\/strong><\/p>\n","protected":false},"excerpt":{"rendered":"<p>Plusieurs choix de maquillages sont propos\u00e9s ci-dessous. En effet, vous pouvez faire appel \u00e0 Carol&rsquo;Esth\u00e9tique pour un maquillage de tous les jours, pour vos soir\u00e9es ou encore pour un shooting photo&#8230; Marque biologique utilis\u00e9e pour vos Maquillages Zao Makeup Maquillage Jour 30 \u20ac L\u00e9ger et naturel, maquillage de tous les jours. Maquillage Soir 45 \u20ac &hellip; <\/p>\n","protected":false},"author":1,"featured_media":0,"parent":0,"menu_order":0,"comment_status":"closed","ping_status":"closed","template":"","meta":{"footnotes":""},"class_list":["post-1925","page","type-page","status-publish","hentry"],"yoast_head":"<!-- This site is optimized with the Yoast SEO plugin v27.5 - https:\/\/yoast.com\/product\/yoast-seo-wordpress\/ -->\n<title>Maquillages \u00e0 domicile Aix en Provence - Carol&#039;Esth\u00e9tique<\/title>\n<meta name=\"description\" content=\"Maquillages \u00e0 domicile : Carol&#039;Esth\u00e9tique, vous propose un large choix de maquillages \u00e0 domicile : maquillage de la mari\u00e9e, des invit\u00e9s, jour, soir...\" \/>\n<meta name=\"robots\" content=\"index, follow, max-snippet:-1, max-image-preview:large, max-video-preview:-1\" \/>\n<link rel=\"canonical\" href=\"https:\/\/www.carolesthetique-aix.fr\/index.php\/maquillages-domicile\/\" \/>\n<meta property=\"og:locale\" content=\"fr_FR\" \/>\n<meta property=\"og:type\" content=\"article\" \/>\n<meta property=\"og:title\" content=\"Maquillages \u00e0 domicile Aix en Provence - Carol&#039;Esth\u00e9tique\" \/>\n<meta property=\"og:description\" content=\"Maquillages \u00e0 domicile : Carol&#039;Esth\u00e9tique, vous propose un large choix de maquillages \u00e0 domicile : maquillage de la mari\u00e9e, des invit\u00e9s, jour, soir...\" \/>\n<meta property=\"og:url\" content=\"https:\/\/www.carolesthetique-aix.fr\/index.php\/maquillages-domicile\/\" \/>\n<meta property=\"og:site_name\" content=\"Carol&#039;Esth\u00e9tique\" \/>\n<meta property=\"article:publisher\" content=\"https:\/\/www.facebook.com\/CarolEsth%c3%a9tique-515793245268554\/\" \/>\n<meta property=\"article:modified_time\" content=\"2026-03-14T14:09:50+00:00\" \/>\n<meta property=\"og:image\" content=\"https:\/\/www.carolesthetique-aix.fr\/wp-content\/uploads\/2019\/09\/CM-0143-e1618173920430.jpg\" \/>\n\t<meta property=\"og:image:width\" content=\"400\" \/>\n\t<meta property=\"og:image:height\" content=\"267\" \/>\n\t<meta property=\"og:image:type\" content=\"image\/jpeg\" \/>\n<meta name=\"twitter:card\" content=\"summary_large_image\" \/>\n<meta name=\"twitter:label1\" content=\"Dur\u00e9e de lecture estim\u00e9e\" \/>\n\t<meta name=\"twitter:data1\" content=\"1 minute\" \/>\n<script type=\"application\/ld+json\" class=\"yoast-schema-graph\">{\"@context\":\"https:\\\/\\\/schema.org\",\"@graph\":[{\"@type\":\"WebPage\",\"@id\":\"https:\\\/\\\/www.carolesthetique-aix.fr\\\/index.php\\\/maquillages-domicile\\\/\",\"url\":\"https:\\\/\\\/www.carolesthetique-aix.fr\\\/index.php\\\/maquillages-domicile\\\/\",\"name\":\"Maquillages \u00e0 domicile Aix en Provence - Carol'Esth\u00e9tique\",\"isPartOf\":{\"@id\":\"https:\\\/\\\/www.carolesthetique-aix.fr\\\/#website\"},\"primaryImageOfPage\":{\"@id\":\"https:\\\/\\\/www.carolesthetique-aix.fr\\\/index.php\\\/maquillages-domicile\\\/#primaryimage\"},\"image\":{\"@id\":\"https:\\\/\\\/www.carolesthetique-aix.fr\\\/index.php\\\/maquillages-domicile\\\/#primaryimage\"},\"thumbnailUrl\":\"https:\\\/\\\/www.carolesthetique-aix.fr\\\/wp-content\\\/uploads\\\/2019\\\/09\\\/CM-0143-e1618173920430.jpg\",\"datePublished\":\"2021-04-11T18:57:01+00:00\",\"dateModified\":\"2026-03-14T14:09:50+00:00\",\"description\":\"Maquillages \u00e0 domicile : Carol'Esth\u00e9tique, vous propose un large choix de maquillages \u00e0 domicile : maquillage de la mari\u00e9e, des invit\u00e9s, jour, soir...\",\"breadcrumb\":{\"@id\":\"https:\\\/\\\/www.carolesthetique-aix.fr\\\/index.php\\\/maquillages-domicile\\\/#breadcrumb\"},\"inLanguage\":\"fr-FR\",\"potentialAction\":[{\"@type\":\"ReadAction\",\"target\":[\"https:\\\/\\\/www.carolesthetique-aix.fr\\\/index.php\\\/maquillages-domicile\\\/\"]}]},{\"@type\":\"ImageObject\",\"inLanguage\":\"fr-FR\",\"@id\":\"https:\\\/\\\/www.carolesthetique-aix.fr\\\/index.php\\\/maquillages-domicile\\\/#primaryimage\",\"url\":\"https:\\\/\\\/www.carolesthetique-aix.fr\\\/wp-content\\\/uploads\\\/2019\\\/09\\\/CM-0143-e1618173920430.jpg\",\"contentUrl\":\"https:\\\/\\\/www.carolesthetique-aix.fr\\\/wp-content\\\/uploads\\\/2019\\\/09\\\/CM-0143-e1618173920430.jpg\",\"width\":400,\"height\":267,\"caption\":\"Les Maquillages\"},{\"@type\":\"BreadcrumbList\",\"@id\":\"https:\\\/\\\/www.carolesthetique-aix.fr\\\/index.php\\\/maquillages-domicile\\\/#breadcrumb\",\"itemListElement\":[{\"@type\":\"ListItem\",\"position\":1,\"name\":\"Accueil\",\"item\":\"https:\\\/\\\/www.carolesthetique-aix.fr\\\/\"},{\"@type\":\"ListItem\",\"position\":2,\"name\":\"Maquillages \u00e0 domicile Aix en Provence\"}]},{\"@type\":\"WebSite\",\"@id\":\"https:\\\/\\\/www.carolesthetique-aix.fr\\\/#website\",\"url\":\"https:\\\/\\\/www.carolesthetique-aix.fr\\\/\",\"name\":\"Carol&#039;Esth\u00e9tique\",\"description\":\"Maquillages et \u00c9v\u00e8nements Beaut\u00e9 \u00e0 Domicile\",\"potentialAction\":[{\"@type\":\"SearchAction\",\"target\":{\"@type\":\"EntryPoint\",\"urlTemplate\":\"https:\\\/\\\/www.carolesthetique-aix.fr\\\/?s={search_term_string}\"},\"query-input\":{\"@type\":\"PropertyValueSpecification\",\"valueRequired\":true,\"valueName\":\"search_term_string\"}}],\"inLanguage\":\"fr-FR\"}]}<\/script>\n<!-- \/ Yoast SEO plugin. -->","yoast_head_json":{"title":"Maquillages \u00e0 domicile Aix en Provence - Carol'Esth\u00e9tique","description":"Maquillages \u00e0 domicile : Carol'Esth\u00e9tique, vous propose un large choix de maquillages \u00e0 domicile : maquillage de la mari\u00e9e, des invit\u00e9s, jour, soir...","robots":{"index":"index","follow":"follow","max-snippet":"max-snippet:-1","max-image-preview":"max-image-preview:large","max-video-preview":"max-video-preview:-1"},"canonical":"https:\/\/www.carolesthetique-aix.fr\/index.php\/maquillages-domicile\/","og_locale":"fr_FR","og_type":"article","og_title":"Maquillages \u00e0 domicile Aix en Provence - Carol'Esth\u00e9tique","og_description":"Maquillages \u00e0 domicile : Carol'Esth\u00e9tique, vous propose un large choix de maquillages \u00e0 domicile : maquillage de la mari\u00e9e, des invit\u00e9s, jour, soir...","og_url":"https:\/\/www.carolesthetique-aix.fr\/index.php\/maquillages-domicile\/","og_site_name":"Carol&#039;Esth\u00e9tique","article_publisher":"https:\/\/www.facebook.com\/CarolEsth%c3%a9tique-515793245268554\/","article_modified_time":"2026-03-14T14:09:50+00:00","og_image":[{"width":400,"height":267,"url":"https:\/\/www.carolesthetique-aix.fr\/wp-content\/uploads\/2019\/09\/CM-0143-e1618173920430.jpg","type":"image\/jpeg"}],"twitter_card":"summary_large_image","twitter_misc":{"Dur\u00e9e de lecture estim\u00e9e":"1 minute"},"schema":{"@context":"https:\/\/schema.org","@graph":[{"@type":"WebPage","@id":"https:\/\/www.carolesthetique-aix.fr\/index.php\/maquillages-domicile\/","url":"https:\/\/www.carolesthetique-aix.fr\/index.php\/maquillages-domicile\/","name":"Maquillages \u00e0 domicile Aix en Provence - Carol'Esth\u00e9tique","isPartOf":{"@id":"https:\/\/www.carolesthetique-aix.fr\/#website"},"primaryImageOfPage":{"@id":"https:\/\/www.carolesthetique-aix.fr\/index.php\/maquillages-domicile\/#primaryimage"},"image":{"@id":"https:\/\/www.carolesthetique-aix.fr\/index.php\/maquillages-domicile\/#primaryimage"},"thumbnailUrl":"https:\/\/www.carolesthetique-aix.fr\/wp-content\/uploads\/2019\/09\/CM-0143-e1618173920430.jpg","datePublished":"2021-04-11T18:57:01+00:00","dateModified":"2026-03-14T14:09:50+00:00","description":"Maquillages \u00e0 domicile : Carol'Esth\u00e9tique, vous propose un large choix de maquillages \u00e0 domicile : maquillage de la mari\u00e9e, des invit\u00e9s, jour, soir...","breadcrumb":{"@id":"https:\/\/www.carolesthetique-aix.fr\/index.php\/maquillages-domicile\/#breadcrumb"},"inLanguage":"fr-FR","potentialAction":[{"@type":"ReadAction","target":["https:\/\/www.carolesthetique-aix.fr\/index.php\/maquillages-domicile\/"]}]},{"@type":"ImageObject","inLanguage":"fr-FR","@id":"https:\/\/www.carolesthetique-aix.fr\/index.php\/maquillages-domicile\/#primaryimage","url":"https:\/\/www.carolesthetique-aix.fr\/wp-content\/uploads\/2019\/09\/CM-0143-e1618173920430.jpg","contentUrl":"https:\/\/www.carolesthetique-aix.fr\/wp-content\/uploads\/2019\/09\/CM-0143-e1618173920430.jpg","width":400,"height":267,"caption":"Les Maquillages"},{"@type":"BreadcrumbList","@id":"https:\/\/www.carolesthetique-aix.fr\/index.php\/maquillages-domicile\/#breadcrumb","itemListElement":[{"@type":"ListItem","position":1,"name":"Accueil","item":"https:\/\/www.carolesthetique-aix.fr\/"},{"@type":"ListItem","position":2,"name":"Maquillages \u00e0 domicile Aix en Provence"}]},{"@type":"WebSite","@id":"https:\/\/www.carolesthetique-aix.fr\/#website","url":"https:\/\/www.carolesthetique-aix.fr\/","name":"Carol&#039;Esth\u00e9tique","description":"Maquillages et \u00c9v\u00e8nements Beaut\u00e9 \u00e0 Domicile","potentialAction":[{"@type":"SearchAction","target":{"@type":"EntryPoint","urlTemplate":"https:\/\/www.carolesthetique-aix.fr\/?s={search_term_string}"},"query-input":{"@type":"PropertyValueSpecification","valueRequired":true,"valueName":"search_term_string"}}],"inLanguage":"fr-FR"}]}},"_links":{"self":[{"href":"https:\/\/www.carolesthetique-aix.fr\/index.php\/wp-json\/wp\/v2\/pages\/1925","targetHints":{"allow":["GET"]}}],"collection":[{"href":"https:\/\/www.carolesthetique-aix.fr\/index.php\/wp-json\/wp\/v2\/pages"}],"about":[{"href":"https:\/\/www.carolesthetique-aix.fr\/index.php\/wp-json\/wp\/v2\/types\/page"}],"author":[{"embeddable":true,"href":"https:\/\/www.carolesthetique-aix.fr\/index.php\/wp-json\/wp\/v2\/users\/1"}],"replies":[{"embeddable":true,"href":"https:\/\/www.carolesthetique-aix.fr\/index.php\/wp-json\/wp\/v2\/comments?post=1925"}],"version-history":[{"count":23,"href":"https:\/\/www.carolesthetique-aix.fr\/index.php\/wp-json\/wp\/v2\/pages\/1925\/revisions"}],"predecessor-version":[{"id":2339,"href":"https:\/\/www.carolesthetique-aix.fr\/index.php\/wp-json\/wp\/v2\/pages\/1925\/revisions\/2339"}],"wp:attachment":[{"href":"https:\/\/www.carolesthetique-aix.fr\/index.php\/wp-json\/wp\/v2\/media?parent=1925"}],"curies":[{"name":"wp","href":"https:\/\/api.w.org\/{rel}","templated":true}]}}